{"id":32237,"date":"2026-03-08T19:39:29","date_gmt":"2026-03-08T19:39:29","guid":{"rendered":"https:\/\/fkpynappel.com\/?post_type=product&#038;p=32237"},"modified":"2026-03-08T19:43:45","modified_gmt":"2026-03-08T19:43:45","slug":"garnili-cizgili-oversize-gomlek-garnili-cizgili-mini-etek","status":"publish","type":"product","link":"https:\/\/fkpynappel.com\/en\/product\/garnili-cizgili-oversize-gomlek-garnili-cizgili-mini-etek\/","title":{"rendered":"GARN\u0130L\u0130 \u00c7\u0130ZG\u0130L\u0130 OVERS\u0130ZE G\u00d6MLEK-GARN\u0130L\u0130 \u00c7\u0130ZG\u0130L\u0130 M\u0130N\u0130 ETEK"},"content":{"rendered":"<p><strong>2465 GARN\u0130L\u0130 \u00c7\u0130ZG\u0130L\u0130 OVERS\u0130ZE G\u00d6MLEK-4582 GARN\u0130L\u0130 \u00c7\u0130ZG\u0130L\u0130 M\u0130N\u0130 ETEK\u00a0<\/strong><\/p>\n<p><strong>RENK: MAV\u0130-PEMBE<\/strong><\/p>\n<p><strong>KUMA\u015e KARI\u015eIMI: %100COT<\/strong><\/p>\n<p><strong>\u00dcR\u00dcN A\u00c7IKLAMASI: G\u00f6mlek yaka, \u00f6n\u00fc d\u00fc\u011fme iliklemeli, uzun kollu ve man\u015fetli, man\u015fetinde garni detayl\u0131 bol kesim g\u00f6mlek. Arka bel lastikli, \u00f6n\u00fc s\u00fcs d\u00fc\u011fme detayl\u0131 etek ucu garnili, fermuar kapamal\u0131 mini etek.<\/strong><\/p>\n<p><strong>\u00d6L\u00c7\u00dcLER:<\/strong><\/p>\n<p><strong>Boy: 177cm<\/strong><\/p>\n<p><strong>G\u00f6\u011f\u00fcs: 81cm<\/strong><\/p>\n<p><strong>Bel:65cm<\/strong><\/p>\n<p><strong>Kal\u00e7a: 89cm<\/strong><\/p>\n<p><strong>Beden Da\u011f\u0131l\u0131m\u0131: S2-M2-L1<\/strong><\/p>\n<p><strong>\u00dcretim \u00dclkesi: T\u00fcrkiye<\/strong><\/p>","protected":false},"excerpt":{"rendered":"<p>2465 GARN\u0130L\u0130 \u00c7\u0130ZG\u0130L\u0130 OVERS\u0130ZE G\u00d6MLEK-4582 GARN\u0130L\u0130 \u00c7\u0130ZG\u0130L\u0130 M\u0130N\u0130 ETEK\u00a0 RENK: MAV\u0130-PEMBE KUMA\u015e KARI\u015eIMI: %100COT \u00dcR\u00dcN A\u00c7IKLAMASI: G\u00f6mlek yaka, \u00f6n\u00fc d\u00fc\u011fme iliklemeli, uzun kollu ve man\u015fetli, man\u015fetinde garni detayl\u0131 bol kesim g\u00f6mlek. Arka bel lastikli, \u00f6n\u00fc s\u00fcs d\u00fc\u011fme detayl\u0131 etek ucu garnili, fermuar kapamal\u0131 mini etek. \u00d6L\u00c7\u00dcLER: Boy: 177cm G\u00f6\u011f\u00fcs: 81cm Bel:65cm Kal\u00e7a: 89cm Beden Da\u011f\u0131l\u0131m\u0131: [&hellip;]<\/p>\n","protected":false},"featured_media":32238,"template":"","meta":[],"product_brand":[],"product_cat":[46,34,32,40,30],"product_tag":[],"class_list":{"0":"post-32237","1":"product","2":"type-product","3":"status-publish","4":"has-post-thumbnail","6":"product_cat-2026-ilkbahar-yaz","7":"product_cat-etek","8":"product_cat-gomlek","9":"product_cat-takim","10":"product_cat-yeni-gelenler","12":"first","13":"instock","14":"taxable","15":"shipping-taxable","16":"product-type-simple"},"_links":{"self":[{"href":"https:\/\/fkpynappel.com\/en\/wp-json\/wp\/v2\/product\/32237","targetHints":{"allow":["GET"]}}],"collection":[{"href":"https:\/\/fkpynappel.com\/en\/wp-json\/wp\/v2\/product"}],"about":[{"href":"https:\/\/fkpynappel.com\/en\/wp-json\/wp\/v2\/types\/product"}],"wp:featuredmedia":[{"embeddable":true,"href":"https:\/\/fkpynappel.com\/en\/wp-json\/wp\/v2\/media\/32238"}],"wp:attachment":[{"href":"https:\/\/fkpynappel.com\/en\/wp-json\/wp\/v2\/media?parent=32237"}],"wp:term":[{"taxonomy":"product_brand","embeddable":true,"href":"https:\/\/fkpynappel.com\/en\/wp-json\/wp\/v2\/product_brand?post=32237"},{"taxonomy":"product_cat","embeddable":true,"href":"https:\/\/fkpynappel.com\/en\/wp-json\/wp\/v2\/product_cat?post=32237"},{"taxonomy":"product_tag","embeddable":true,"href":"https:\/\/fkpynappel.com\/en\/wp-json\/wp\/v2\/product_tag?post=32237"}],"curies":[{"name":"wp","href":"https:\/\/api.w.org\/{rel}","templated":true}]}}

GARNİLİ ÇİZGİLİ OVERSİZE GÖMLEK-GARNİLİ ÇİZGİLİ MİNİ ETEK

<p><strong>2465 GARNİLİ ÇİZGİLİ OVERSİZE GÖMLEK-4582 GARNİLİ ÇİZGİLİ MİNİ ETEK </strong></p>
<p><strong>RENK: MAVİ-PEMBE</strong></p>
<p><strong>KUMAŞ KARIŞIMI: %100COT</strong></p>
<p><strong>ÜRÜN AÇIKLAMASI: Gömlek yaka, önü düğme iliklemeli, uzun kollu ve manşetli, manşetinde garni detaylı bol kesim gömlek. Arka bel lastikli, önü süs düğme detaylı etek ucu garnili, fermuar kapamalı mini etek.</strong></p>
<p><strong>ÖLÇÜLER:</strong></p>
<p><strong>Boy: 177cm</strong></p>
<p><strong>Göğüs: 81cm</strong></p>
<p><strong>Bel:65cm</strong></p>
<p><strong>Kalça: 89cm</strong></p>
<p><strong>Beden Dağılımı: S2-M2-L1</strong></p>
<p><strong>Üretim Ülkesi: Türkiye</strong></p>

<p>2465 GARNİLİ ÇİZGİLİ OVERSİZE GÖMLEK-4582 GARNİLİ ÇİZGİLİ MİNİ ETEK  RENK: MAVİ-PEMBE KUMAŞ KARIŞIMI: %100COT ÜRÜN AÇIKLAMASI: Gömlek yaka, önü düğme iliklemeli, uzun kollu ve manşetli, manşetinde garni detaylı bol kesim gömlek. Arka bel lastikli, önü süs düğme detaylı etek ucu garnili, fermuar kapamalı mini etek. ÖLÇÜLER: Boy: 177cm Göğüs: 81cm Bel:65cm Kalça: 89cm Beden Dağılımı: [&hellip;]</p>
