{"id":32159,"date":"2026-03-08T16:28:17","date_gmt":"2026-03-08T16:28:17","guid":{"rendered":"https:\/\/fkpynappel.com\/?post_type=product&#038;p=32159"},"modified":"2026-03-16T11:13:20","modified_gmt":"2026-03-16T11:13:20","slug":"tasarim-kuplu-korse-bustiyer-cift-pileli-palazzo-pantolon","status":"publish","type":"product","link":"https:\/\/fkpynappel.com\/en\/product\/tasarim-kuplu-korse-bustiyer-cift-pileli-palazzo-pantolon\/","title":{"rendered":"TASARIM KUPLU KORSE B\u00dcST\u0130YER \u2013 \u00c7\u0130FT P\u0130LEL\u0130 PALAZZO PANTOLON"},"content":{"rendered":"<p><strong>3313 TASARIM KUPLU KORSE B\u00dcST\u0130YER \u2013 1454 \u00c7\u0130FT P\u0130LEL\u0130 PALAZZO PANTOLON<\/strong><\/p>\n<p><strong>RENK: \u00c7A\u011eLA-S\u0130YAH-TA\u015e<\/strong><\/p>\n<p><strong>KUMA\u015e KARI\u015eIMI: %54PES %39V\u0130S %7EA<\/strong><\/p>\n<p><strong>\u00dcR\u00dcN A\u00c7IKLAMASI: \u00a0Kuplu ve balenli, arkas\u0131 ku\u015fg\u00f6z\u00fc ve ba\u011flama detayl\u0131, tok kuma\u015ftan korse b\u00fcstiyer. Metal kanca ve fermuar kapamal\u0131, pileli, yanlar\u0131 cepli palazzo pantolon.<\/strong><\/p>\n<p><strong>\u00d6L\u00c7\u00dcLER:<\/strong><\/p>\n<p><strong>Boy: 177cm<\/strong><\/p>\n<p><strong>G\u00f6\u011f\u00fcs: 81cm<\/strong><\/p>\n<p><strong>Bel:65cm<\/strong><\/p>\n<p><strong>Kal\u00e7a: 89cm<\/strong><\/p>\n<p><strong>Beden Da\u011f\u0131l\u0131m\u0131: S2-M2-L1<\/strong><\/p>\n<p><strong>\u00dcretim \u00dclkesi: T\u00fcrkiye<\/strong><\/p>","protected":false},"excerpt":{"rendered":"<p>3313 TASARIM KUPLU KORSE B\u00dcST\u0130YER \u2013 1454 \u00c7\u0130FT P\u0130LEL\u0130 PALAZZO PANTOLON RENK: \u00c7A\u011eLA-S\u0130YAH-TA\u015e KUMA\u015e KARI\u015eIMI: %54PES %39V\u0130S %7EA \u00dcR\u00dcN A\u00c7IKLAMASI: \u00a0Kuplu ve balenli, arkas\u0131 ku\u015fg\u00f6z\u00fc ve ba\u011flama detayl\u0131, tok kuma\u015ftan korse b\u00fcstiyer. Metal kanca ve fermuar kapamal\u0131, pileli, yanlar\u0131 cepli palazzo pantolon. \u00d6L\u00c7\u00dcLER: Boy: 177cm G\u00f6\u011f\u00fcs: 81cm Bel:65cm Kal\u00e7a: 89cm Beden Da\u011f\u0131l\u0131m\u0131: S2-M2-L1 \u00dcretim \u00dclkesi: [&hellip;]<\/p>\n","protected":false},"featured_media":32160,"template":"","meta":[],"product_brand":[],"product_cat":[46,42,45,21,40,30],"product_tag":[],"class_list":{"0":"post-32159","1":"product","2":"type-product","3":"status-publish","4":"has-post-thumbnail","6":"product_cat-2026-ilkbahar-yaz","7":"product_cat-bluz","8":"product_cat-bustiyer","9":"product_cat-pantolon","10":"product_cat-takim","11":"product_cat-yeni-gelenler","13":"first","14":"instock","15":"taxable","16":"shipping-taxable","17":"product-type-simple"},"_links":{"self":[{"href":"https:\/\/fkpynappel.com\/en\/wp-json\/wp\/v2\/product\/32159","targetHints":{"allow":["GET"]}}],"collection":[{"href":"https:\/\/fkpynappel.com\/en\/wp-json\/wp\/v2\/product"}],"about":[{"href":"https:\/\/fkpynappel.com\/en\/wp-json\/wp\/v2\/types\/product"}],"wp:featuredmedia":[{"embeddable":true,"href":"https:\/\/fkpynappel.com\/en\/wp-json\/wp\/v2\/media\/32160"}],"wp:attachment":[{"href":"https:\/\/fkpynappel.com\/en\/wp-json\/wp\/v2\/media?parent=32159"}],"wp:term":[{"taxonomy":"product_brand","embeddable":true,"href":"https:\/\/fkpynappel.com\/en\/wp-json\/wp\/v2\/product_brand?post=32159"},{"taxonomy":"product_cat","embeddable":true,"href":"https:\/\/fkpynappel.com\/en\/wp-json\/wp\/v2\/product_cat?post=32159"},{"taxonomy":"product_tag","embeddable":true,"href":"https:\/\/fkpynappel.com\/en\/wp-json\/wp\/v2\/product_tag?post=32159"}],"curies":[{"name":"wp","href":"https:\/\/api.w.org\/{rel}","templated":true}]}}

TASARIM KUPLU KORSE BÜSTİYER – ÇİFT PİLELİ PALAZZO PANTOLON

<p><strong>3313 TASARIM KUPLU KORSE BÜSTİYER – 1454 ÇİFT PİLELİ PALAZZO PANTOLON</strong></p>
<p><strong>RENK: ÇAĞLA-SİYAH-TAŞ</strong></p>
<p><strong>KUMAŞ KARIŞIMI: %54PES %39VİS %7EA</strong></p>
<p><strong>ÜRÜN AÇIKLAMASI:  Kuplu ve balenli, arkası kuşgözü ve bağlama detaylı, tok kumaştan korse büstiyer. Metal kanca ve fermuar kapamalı, pileli, yanları cepli palazzo pantolon.</strong></p>
<p><strong>ÖLÇÜLER:</strong></p>
<p><strong>Boy: 177cm</strong></p>
<p><strong>Göğüs: 81cm</strong></p>
<p><strong>Bel:65cm</strong></p>
<p><strong>Kalça: 89cm</strong></p>
<p><strong>Beden Dağılımı: S2-M2-L1</strong></p>
<p><strong>Üretim Ülkesi: Türkiye</strong></p>

<p>3313 TASARIM KUPLU KORSE BÜSTİYER – 1454 ÇİFT PİLELİ PALAZZO PANTOLON RENK: ÇAĞLA-SİYAH-TAŞ KUMAŞ KARIŞIMI: %54PES %39VİS %7EA ÜRÜN AÇIKLAMASI:  Kuplu ve balenli, arkası kuşgözü ve bağlama detaylı, tok kumaştan korse büstiyer. Metal kanca ve fermuar kapamalı, pileli, yanları cepli palazzo pantolon. ÖLÇÜLER: Boy: 177cm Göğüs: 81cm Bel:65cm Kalça: 89cm Beden Dağılımı: S2-M2-L1 Üretim Ülkesi: [&hellip;]</p>
