{"id":32152,"date":"2026-03-08T16:22:22","date_gmt":"2026-03-08T16:22:22","guid":{"rendered":"https:\/\/fkpynappel.com\/?post_type=product&#038;p=32152"},"modified":"2026-04-07T09:17:37","modified_gmt":"2026-04-07T09:17:37","slug":"cizgili-bagcik-detayli-midi-elbise","status":"publish","type":"product","link":"https:\/\/fkpynappel.com\/en\/product\/cizgili-bagcik-detayli-midi-elbise\/","title":{"rendered":"\u00c7\u0130ZG\u0130L\u0130 BA\u011eCIK DETAYLI M\u0130D\u0130 ELB\u0130SE"},"content":{"rendered":"<p><strong>12404 \u00c7\u0130ZG\u0130L\u0130 BA\u011eCIK DETAYLI M\u0130D\u0130 ELB\u0130SE<\/strong><\/p>\n<p><strong>RENK: \u00c7\u0130ZG\u0130L\u0130<\/strong><\/p>\n<p><strong>KUMA\u015e KARI\u015eIMI: %100COT<\/strong><\/p>\n<p><strong>\u00dcR\u00dcN A\u00c7IKLAMASI: G\u00f6mlek yaka ve \u00f6n\u00fc d\u00fc\u011fme iliklemeli, belinde metal ku\u015fg\u00f6z\u00fc ve ba\u011flama detayl\u0131, k\u0131sa kollu midi boy g\u00f6mlek elbise.<\/strong><\/p>\n<p><strong>\u00d6L\u00c7\u00dcLER:<\/strong><\/p>\n<p><strong>Boy: 177cm<\/strong><\/p>\n<p><strong>G\u00f6\u011f\u00fcs: 81cm<\/strong><\/p>\n<p><strong>Bel:65cm<\/strong><\/p>\n<p><strong>Kal\u00e7a: 89cm<\/strong><\/p>\n<p><strong>Beden Da\u011f\u0131l\u0131m\u0131: S2-M1-L1<\/strong><\/p>\n<p><strong>\u00dcretim \u00dclkesi: T\u00fcrkiye<\/strong><\/p>","protected":false},"excerpt":{"rendered":"<p>12404 \u00c7\u0130ZG\u0130L\u0130 BA\u011eCIK DETAYLI M\u0130D\u0130 ELB\u0130SE RENK: \u00c7\u0130ZG\u0130L\u0130 KUMA\u015e KARI\u015eIMI: %100COT \u00dcR\u00dcN A\u00c7IKLAMASI: G\u00f6mlek yaka ve \u00f6n\u00fc d\u00fc\u011fme iliklemeli, belinde metal ku\u015fg\u00f6z\u00fc ve ba\u011flama detayl\u0131, k\u0131sa kollu midi boy g\u00f6mlek elbise. \u00d6L\u00c7\u00dcLER: Boy: 177cm G\u00f6\u011f\u00fcs: 81cm Bel:65cm Kal\u00e7a: 89cm Beden Da\u011f\u0131l\u0131m\u0131: S2-M1-L1 \u00dcretim \u00dclkesi: T\u00fcrkiye<\/p>","protected":false},"featured_media":32153,"template":"","meta":[],"product_brand":[],"product_cat":[46,25,30],"product_tag":[],"class_list":{"0":"post-32152","1":"product","2":"type-product","3":"status-publish","4":"has-post-thumbnail","6":"product_cat-2026-ilkbahar-yaz","7":"product_cat-elbise","8":"product_cat-yeni-gelenler","10":"first","11":"instock","12":"taxable","13":"shipping-taxable","14":"product-type-simple"},"_links":{"self":[{"href":"https:\/\/fkpynappel.com\/en\/wp-json\/wp\/v2\/product\/32152","targetHints":{"allow":["GET"]}}],"collection":[{"href":"https:\/\/fkpynappel.com\/en\/wp-json\/wp\/v2\/product"}],"about":[{"href":"https:\/\/fkpynappel.com\/en\/wp-json\/wp\/v2\/types\/product"}],"wp:featuredmedia":[{"embeddable":true,"href":"https:\/\/fkpynappel.com\/en\/wp-json\/wp\/v2\/media\/32153"}],"wp:attachment":[{"href":"https:\/\/fkpynappel.com\/en\/wp-json\/wp\/v2\/media?parent=32152"}],"wp:term":[{"taxonomy":"product_brand","embeddable":true,"href":"https:\/\/fkpynappel.com\/en\/wp-json\/wp\/v2\/product_brand?post=32152"},{"taxonomy":"product_cat","embeddable":true,"href":"https:\/\/fkpynappel.com\/en\/wp-json\/wp\/v2\/product_cat?post=32152"},{"taxonomy":"product_tag","embeddable":true,"href":"https:\/\/fkpynappel.com\/en\/wp-json\/wp\/v2\/product_tag?post=32152"}],"curies":[{"name":"wp","href":"https:\/\/api.w.org\/{rel}","templated":true}]}}

ÇİZGİLİ BAĞCIK DETAYLI MİDİ ELBİSE

<p><strong>12404 ÇİZGİLİ BAĞCIK DETAYLI MİDİ ELBİSE</strong></p>
<p><strong>RENK: ÇİZGİLİ</strong></p>
<p><strong>KUMAŞ KARIŞIMI: %100COT</strong></p>
<p><strong>ÜRÜN AÇIKLAMASI: Gömlek yaka ve önü düğme iliklemeli, belinde metal kuşgözü ve bağlama detaylı, kısa kollu midi boy gömlek elbise.</strong></p>
<p><strong>ÖLÇÜLER:</strong></p>
<p><strong>Boy: 177cm</strong></p>
<p><strong>Göğüs: 81cm</strong></p>
<p><strong>Bel:65cm</strong></p>
<p><strong>Kalça: 89cm</strong></p>
<p><strong>Beden Dağılımı: S2-M1-L1</strong></p>
<p><strong>Üretim Ülkesi: Türkiye</strong></p>

<p>12404 ÇİZGİLİ BAĞCIK DETAYLI MİDİ ELBİSE RENK: ÇİZGİLİ KUMAŞ KARIŞIMI: %100COT ÜRÜN AÇIKLAMASI: Gömlek yaka ve önü düğme iliklemeli, belinde metal kuşgözü ve bağlama detaylı, kısa kollu midi boy gömlek elbise. ÖLÇÜLER: Boy: 177cm Göğüs: 81cm Bel:65cm Kalça: 89cm Beden Dağılımı: S2-M1-L1 Üretim Ülkesi: Türkiye</p>
