{"id":32132,"date":"2026-03-08T16:10:32","date_gmt":"2026-03-08T16:10:32","guid":{"rendered":"https:\/\/fkpynappel.com\/?post_type=product&#038;p=32132"},"modified":"2026-03-08T16:14:59","modified_gmt":"2026-03-08T16:14:59","slug":"saten-askili-bluz-saten-beli-lastikli-pantolon","status":"publish","type":"product","link":"https:\/\/fkpynappel.com\/en\/product\/saten-askili-bluz-saten-beli-lastikli-pantolon\/","title":{"rendered":"SATEN ASKILI BLUZ \u2013 SATEN BEL\u0130 LAST\u0130KL\u0130 PANTOLON"},"content":{"rendered":"<p><strong>3320 SATEN ASKILI BLUZ \u2013 1459 SATEN BEL\u0130 LAST\u0130KL\u0130 PANTOLON<\/strong><\/p>\n<p><strong>RENK: S\u0130YAH-GECE MAV\u0130S\u0130-EKRU-KAHVE<\/strong><\/p>\n<p><strong>KUMA\u015e KARI\u015eIMI: %100V\u0130S<\/strong><\/p>\n<p><strong>\u00dcR\u00dcN A\u00c7IKLAMASI: \u00a0U yaka, kolsuz saten bluz, beli lastikli bol kesim pantolon.<\/strong><\/p>\n<p><strong>\u00d6L\u00c7\u00dcLER:<\/strong><\/p>\n<p><strong>Boy: 177cm<\/strong><\/p>\n<p><strong>G\u00f6\u011f\u00fcs: 81cm<\/strong><\/p>\n<p><strong>Bel:65cm<\/strong><\/p>\n<p><strong>Kal\u00e7a: 89cm<\/strong><\/p>\n<p><strong>Beden Da\u011f\u0131l\u0131m\u0131: S2-M2-L1<\/strong><\/p>\n<p><strong>\u00dcretim \u00dclkesi: T\u00fcrkiye<\/strong><\/p>","protected":false},"excerpt":{"rendered":"<p>3320 SATEN ASKILI BLUZ \u2013 1459 SATEN BEL\u0130 LAST\u0130KL\u0130 PANTOLON RENK: S\u0130YAH-GECE MAV\u0130S\u0130-EKRU-KAHVE KUMA\u015e KARI\u015eIMI: %100V\u0130S \u00dcR\u00dcN A\u00c7IKLAMASI: \u00a0U yaka, kolsuz saten bluz, beli lastikli bol kesim pantolon. \u00d6L\u00c7\u00dcLER: Boy: 177cm G\u00f6\u011f\u00fcs: 81cm Bel:65cm Kal\u00e7a: 89cm Beden Da\u011f\u0131l\u0131m\u0131: S2-M2-L1 \u00dcretim \u00dclkesi: T\u00fcrkiye<\/p>","protected":false},"featured_media":32133,"template":"","meta":[],"product_brand":[],"product_cat":[46,42,45,21,40,30],"product_tag":[],"class_list":{"0":"post-32132","1":"product","2":"type-product","3":"status-publish","4":"has-post-thumbnail","6":"product_cat-2026-ilkbahar-yaz","7":"product_cat-bluz","8":"product_cat-bustiyer","9":"product_cat-pantolon","10":"product_cat-takim","11":"product_cat-yeni-gelenler","13":"first","14":"instock","15":"taxable","16":"shipping-taxable","17":"purchasable","18":"product-type-simple"},"_links":{"self":[{"href":"https:\/\/fkpynappel.com\/en\/wp-json\/wp\/v2\/product\/32132","targetHints":{"allow":["GET"]}}],"collection":[{"href":"https:\/\/fkpynappel.com\/en\/wp-json\/wp\/v2\/product"}],"about":[{"href":"https:\/\/fkpynappel.com\/en\/wp-json\/wp\/v2\/types\/product"}],"wp:featuredmedia":[{"embeddable":true,"href":"https:\/\/fkpynappel.com\/en\/wp-json\/wp\/v2\/media\/32133"}],"wp:attachment":[{"href":"https:\/\/fkpynappel.com\/en\/wp-json\/wp\/v2\/media?parent=32132"}],"wp:term":[{"taxonomy":"product_brand","embeddable":true,"href":"https:\/\/fkpynappel.com\/en\/wp-json\/wp\/v2\/product_brand?post=32132"},{"taxonomy":"product_cat","embeddable":true,"href":"https:\/\/fkpynappel.com\/en\/wp-json\/wp\/v2\/product_cat?post=32132"},{"taxonomy":"product_tag","embeddable":true,"href":"https:\/\/fkpynappel.com\/en\/wp-json\/wp\/v2\/product_tag?post=32132"}],"curies":[{"name":"wp","href":"https:\/\/api.w.org\/{rel}","templated":true}]}}

SATEN ASKILI BLUZ – SATEN BELİ LASTİKLİ PANTOLON

<p><strong>3320 SATEN ASKILI BLUZ – 1459 SATEN BELİ LASTİKLİ PANTOLON</strong></p>
<p><strong>RENK: SİYAH-GECE MAVİSİ-EKRU-KAHVE</strong></p>
<p><strong>KUMAŞ KARIŞIMI: %100VİS</strong></p>
<p><strong>ÜRÜN AÇIKLAMASI:  U yaka, kolsuz saten bluz, beli lastikli bol kesim pantolon.</strong></p>
<p><strong>ÖLÇÜLER:</strong></p>
<p><strong>Boy: 177cm</strong></p>
<p><strong>Göğüs: 81cm</strong></p>
<p><strong>Bel:65cm</strong></p>
<p><strong>Kalça: 89cm</strong></p>
<p><strong>Beden Dağılımı: S2-M2-L1</strong></p>
<p><strong>Üretim Ülkesi: Türkiye</strong></p>

<p>3320 SATEN ASKILI BLUZ – 1459 SATEN BELİ LASTİKLİ PANTOLON RENK: SİYAH-GECE MAVİSİ-EKRU-KAHVE KUMAŞ KARIŞIMI: %100VİS ÜRÜN AÇIKLAMASI:  U yaka, kolsuz saten bluz, beli lastikli bol kesim pantolon. ÖLÇÜLER: Boy: 177cm Göğüs: 81cm Bel:65cm Kalça: 89cm Beden Dağılımı: S2-M2-L1 Üretim Ülkesi: Türkiye</p>
