{"id":32112,"date":"2026-03-08T14:44:04","date_gmt":"2026-03-08T14:44:04","guid":{"rendered":"https:\/\/fkpynappel.com\/?post_type=product&#038;p=32112"},"modified":"2026-03-08T14:48:48","modified_gmt":"2026-03-08T14:48:48","slug":"yakasi-dantel-detayli-saten-elbise","status":"publish","type":"product","link":"https:\/\/fkpynappel.com\/en\/product\/yakasi-dantel-detayli-saten-elbise\/","title":{"rendered":"YAKASI DANTEL DETAYLI SATEN ELB\u0130SE"},"content":{"rendered":"<p><strong>12412 YAKASI DANTEL DETAYLI SATEN ELB\u0130SE<\/strong><\/p>\n<p><strong>RENK: S\u0130YAH-KAHVE<\/strong><\/p>\n<p><strong>KUMA\u015e KARI\u015eIMI: %100V\u0130S<\/strong><\/p>\n<p><strong>\u00dcR\u00dcN A\u00c7IKLAMASI: Kendi kuma\u015f\u0131ndan ask\u0131l\u0131, fermuar kapamal\u0131, yakas\u0131 v yaka ve dantel detayl\u0131 midi boy elbise.<\/strong><\/p>\n<p><strong>\u00d6L\u00c7\u00dcLER:<\/strong><\/p>\n<p><strong>Boy: 177cm<\/strong><\/p>\n<p><strong>G\u00f6\u011f\u00fcs: 81cm<\/strong><\/p>\n<p><strong>Bel:65cm<\/strong><\/p>\n<p><strong>Kal\u00e7a: 89cm<\/strong><\/p>\n<p><strong>Beden Da\u011f\u0131l\u0131m\u0131: S2-M1-L1<\/strong><\/p>\n<p><strong>\u00dcretim \u00dclkesi: T\u00fcrkiye<\/strong><\/p>","protected":false},"excerpt":{"rendered":"<p>12412 YAKASI DANTEL DETAYLI SATEN ELB\u0130SE RENK: S\u0130YAH-KAHVE KUMA\u015e KARI\u015eIMI: %100V\u0130S \u00dcR\u00dcN A\u00c7IKLAMASI: Kendi kuma\u015f\u0131ndan ask\u0131l\u0131, fermuar kapamal\u0131, yakas\u0131 v yaka ve dantel detayl\u0131 midi boy elbise. \u00d6L\u00c7\u00dcLER: Boy: 177cm G\u00f6\u011f\u00fcs: 81cm Bel:65cm Kal\u00e7a: 89cm Beden Da\u011f\u0131l\u0131m\u0131: S2-M1-L1 \u00dcretim \u00dclkesi: T\u00fcrkiye<\/p>","protected":false},"featured_media":32113,"template":"","meta":[],"product_brand":[],"product_cat":[46,25,30],"product_tag":[],"class_list":{"0":"post-32112","1":"product","2":"type-product","3":"status-publish","4":"has-post-thumbnail","6":"product_cat-2026-ilkbahar-yaz","7":"product_cat-elbise","8":"product_cat-yeni-gelenler","10":"first","11":"instock","12":"taxable","13":"shipping-taxable","14":"purchasable","15":"product-type-simple"},"_links":{"self":[{"href":"https:\/\/fkpynappel.com\/en\/wp-json\/wp\/v2\/product\/32112","targetHints":{"allow":["GET"]}}],"collection":[{"href":"https:\/\/fkpynappel.com\/en\/wp-json\/wp\/v2\/product"}],"about":[{"href":"https:\/\/fkpynappel.com\/en\/wp-json\/wp\/v2\/types\/product"}],"wp:featuredmedia":[{"embeddable":true,"href":"https:\/\/fkpynappel.com\/en\/wp-json\/wp\/v2\/media\/32113"}],"wp:attachment":[{"href":"https:\/\/fkpynappel.com\/en\/wp-json\/wp\/v2\/media?parent=32112"}],"wp:term":[{"taxonomy":"product_brand","embeddable":true,"href":"https:\/\/fkpynappel.com\/en\/wp-json\/wp\/v2\/product_brand?post=32112"},{"taxonomy":"product_cat","embeddable":true,"href":"https:\/\/fkpynappel.com\/en\/wp-json\/wp\/v2\/product_cat?post=32112"},{"taxonomy":"product_tag","embeddable":true,"href":"https:\/\/fkpynappel.com\/en\/wp-json\/wp\/v2\/product_tag?post=32112"}],"curies":[{"name":"wp","href":"https:\/\/api.w.org\/{rel}","templated":true}]}}

YAKASI DANTEL DETAYLI SATEN ELBİSE

<p><strong>12412 YAKASI DANTEL DETAYLI SATEN ELBİSE</strong></p>
<p><strong>RENK: SİYAH-KAHVE</strong></p>
<p><strong>KUMAŞ KARIŞIMI: %100VİS</strong></p>
<p><strong>ÜRÜN AÇIKLAMASI: Kendi kumaşından askılı, fermuar kapamalı, yakası v yaka ve dantel detaylı midi boy elbise.</strong></p>
<p><strong>ÖLÇÜLER:</strong></p>
<p><strong>Boy: 177cm</strong></p>
<p><strong>Göğüs: 81cm</strong></p>
<p><strong>Bel:65cm</strong></p>
<p><strong>Kalça: 89cm</strong></p>
<p><strong>Beden Dağılımı: S2-M1-L1</strong></p>
<p><strong>Üretim Ülkesi: Türkiye</strong></p>

<p>12412 YAKASI DANTEL DETAYLI SATEN ELBİSE RENK: SİYAH-KAHVE KUMAŞ KARIŞIMI: %100VİS ÜRÜN AÇIKLAMASI: Kendi kumaşından askılı, fermuar kapamalı, yakası v yaka ve dantel detaylı midi boy elbise. ÖLÇÜLER: Boy: 177cm Göğüs: 81cm Bel:65cm Kalça: 89cm Beden Dağılımı: S2-M1-L1 Üretim Ülkesi: Türkiye</p>
